t is -868 + 4?
-864
In base 3, what is 1 - -1000120?
1000121
In base 5, what is 0 - -3121?
3121
In base 13, what is 6b + -1?
6a
In base 9, what is -333 + -4?
-337
In base 5, what is 1 + -33414?
-33413
In base 6, what is 13 - 421?
-404
In base 2, what is -100 - -110000?
101100
In base 10, what is 31 + -329?
-298
In base 16, what is -6 - 9a?
-a0
In base 4, what is 1 - 200?
-133
In base 11, what is -21 + -13?
-34
In base 8, what is -406 - -33?
-353
In base 3, what is 20112111 - 1?
20112110
In base 2, what is 110 + 11100?
100010
In base 14, what is 2 - 19b?
-199
In base 3, what is -20 - -210120?
210100
In base 16, what is 4e + -c?
42
In base 14, what is -4 + 2c7?
2c3
In base 10, what is -1420 + 0?
-1420
In base 12, what is 138 + -9?
12b
In base 16, what is -49 + -9?
-52
In base 9, what is -428 - -7?
-421
In base 9, what is 182 - 5?
176
In base 15, what is -34 - 2?
-36
In base 10, what is 15 - -13?
28
In base 2, what is -110001110 - -101?
-110001001
In base 11, what is 8 + 33?
40
In base 5, what is -3 + -122?
-130
In base 14, what is -126 - -5b?
-a9
In base 15, what is 5 - 76?
-71
In base 12, what is -545 - -4?
-541
In base 11, what is -5 + -527?
-531
In base 2, what is -11001 - -101010?
10001
In base 4, what is 20 - -10?
30
In base 9, what is -3 - 343?
-346
In base 7, what is 5 + -456?
-451
In base 16, what is 7c0 - 2?
7be
In base 8, what is -14 - -3023?
3007
In base 9, what is 52 + -8?
43
In base 10, what is -3 - -6?
3
In base 12, what is 2 + -11?
-b
In base 8, what is -155 - 110?
-265
In base 16, what is -da - -8?
-d2
In base 5, what is 121 + -2?
114
In base 9, what is -45 - -7?
-37
In base 13, what is -4 + -cc?
-103
In base 15, what is -1ac - -2?
-1aa
In base 4, what is -1223 + 33?
-1130
In base 3, what is -2 - -212?
210
In base 13, what is 2 - -b2c?
b31
In base 16, what is -1c - 4?
-20
In base 13, what is 1 - 801?
-800
In base 2, what is -101 + 100011?
11110
In base 12, what is -4 + -1617?
-161b
In base 13, what is -553 - -5?
-54b
In base 10, what is 298 - -113?
411
In base 16, what is -14 - 13?
-27
In base 15, what is -8 + 8b?
83
In base 2, what is 100010 - -100?
100110
In base 11, what is -50 - -92?
42
In base 11, what is 31915 - -1?
31916
In base 2, what is 10110100 + -100?
10110000
In base 11, what is 176 + 5?
180
In base 9, what is 3 + -57?
-54
In base 7, what is 0 + -52?
-52
In base 10, what is 4 - -25?
29
In base 12, what is 9 + 10b?
118
In base 4, what is -1110330 + 10?
-1110320
In base 12, what is 1740 - -3?
1743
In base 13, what is -118 - -2?
-116
In base 13, what is -4 + -b46?
-b4a
In base 2, what is -10100 - 11010010?
-11100110
In base 7, what is 5 + -2266?
-2261
In base 8, what is 1 + -3056?
-3055
In base 15, what is -5 - a6?
-ab
In base 13, what is 308 - -1a?
325
In base 4, what is -2 - -112320?
112312
In base 4, what is -13 - -300?
221
In base 5, what is 10 + 11444?
12004
In base 16, what is 59 - -1?
5a
In base 14, what is -1b - -81?
64
In base 3, what is 212212 - -10?
212222
In base 8, what is -31 - -4?
-25
In base 7, what is 5506 - -3?
5512
In base 7, what is 126 + -4?
122
In base 6, what is 42 + 5?
51
In base 9, what is -1002 - 3?
-1005
In base 9, what is -2 + -2088?
-2101
In base 12, what is 10 + -174?
-164
In base 9, what is 7 - -151?
158
In base 7, what is -5614 + 1?
-5613
In base 8, what is 2626 + 3?
2631
In base 6, what is -2 + 22?
20
In base 12, what is 757 + 6?
761
In base 13, what is -137 + 3?
-134
In base 12, what is 0 - 174?
-174
In base 9, what is -22 + 44?
22
In base 8, what is -1551 + -22?
-1573
In base 15, what is -1d + 4e?
31
In base 5, what is -212124 - -4?
-212120
In base 6, what is -4320 + 0?
-4320
In base 8, what is 277 - 1?
276
In base 9, what is -2 - 62?
-64
In base 15, what is 3 - 30?
-2c
In base 7, what is 5 - 1625?
-1620
In base 8, what is -616 - -37?
-557
In base 9, what is 218 + 2?
221
In base 7, what is 53 + 2?
55
In base 11, what is 67 + 5?
71
In base 6, what is -11 - 214?
-225
In base 14, what is -3 + b3b?
b38
In base 10, what is 69 - -1?
70
In base 16, what is -849 - 2?
-84b
In base 6, what is -5 - 44?
-53
In base 16, what is 190 + -4?
18c
In base 15, what is 50 - 22?
2d
In base 11, what is -255 + 38?
-218
In base 3, what is -1021212 + -2?
-1021221
In base 8, what is 0 - 57?
-57
In base 4, what is 2 + -130?
-122
In base 7, what is -1406 + -3?
-1412
In base 9, what is -21428 + -3?
-21432
In base 9, what is 0 + 34?
34
In base 2, what is 1 + 1011011010010?
1011011010011
In base 15, what is 1 - -28c?
28d
In base 13, what is -a + 10?
3
In base 13, what is -4 - c4?
-c8
In base 2, what is -111010110 - 10?
-111011000
In base 3, what is 2 + 110?
112
In base 16, what is 0 - -4c?
4c
In base 7, what is -2 + -526?
-531
In base 10, what is -202 - -27?
-175
In base 13, what is 5 - -429?
431
In base 6, what is 123 + -3?
120
In base 6, what is 1224 + -41?
1143
In base 2, what is -10011010001110 - 11?
-10011010010001
In base 6, what is -14 + -403?
-421
In base 8, what is -143 - 5?
-150
In base 15, what is 75 - 5?
70
In base 15, what is -6a - 1?
-6b
In base 5, what is 3 + -12020?
-12012
In base 5, what is 0 - 103400?
-103400
In base 12, what is -1a4 - 4?
-1a8
In base 10, what is -22 - -72?
50
In base 11, what is 3 - 69?
-66
In base 14, what is -91d - 9?
-928
In base 6, what is -25114 - -3?
-25111
In base 6, what is -11333 - 3?
-11340
In base 11, what is 3 - 36?
-33
In base 6, what is 4 + -13303?
-13255
In base 2, what is -100010100 - 10001?
-100100101
In base 11, what is -6000 - -2?
-5aa9
In base 9, what is 5 - 848?
-843
In base 14, what is -10 - -a6?
96
In base 16, what is 5 + 68?
6d
In base 3, what is -2212200 - 1?
-2212201
In base 14, what is 20 - 1c?
2
In base 7, what is -1 - 622?
-623
In base 15, what is 4d - 1b?
32
In base 7, what is 110 + -153?
-43
In base 7, what is -21552 + -3?
-21555
In base 16, what is -172d5 + 5?
-172d0
In base 2, what is 1010011 - -100?
1010111
In base 6, what is 52020 + 3?
52023
In base 13, what is 1a + 10?
2a
In base 4, what is -13 - 1?
-20
In base 8, what is -146 - 2?
-150
In base 6, what is 4 + 354?
402
In base 3, what is -101121 - 0?
-101121
In base 14, what is 1 - 24?
-23
In base 3, what is 0 - -1202?
1202
In base 6, what is -5442 + -4?
-5450
In base 13, what is 6 - -26?
2c
In base 7, what is 1152 + 0?
1152
In base 5, what is 121 - 22?
44
In base 10, what is -1 - 226?
-227
In base 10, what is -13 - -55?
42
In base 6, what is 3 - -511?
514
In base 10, what is -16 + -34?
-50
In base 12, what is -5 - 57?
-60
In base 11, what is 13 + -13?
0
In base 13, what is -6 - -65?
5c
In base 14, what is 2 - -17?
19
In base 2, what is -1101 - -1010000001?
1001110100
In base 3, what is -12 + 12021?
12002
In base 11, what is 4 + 51?
55
In base 7, what is -14 - 10552?
-10566
In base 11, what is -782 + -29?
-800
In base 7, what is 14 + -10?
4
In base 4, what is -2 + -1331?
-1333
In base 15, what is 43 - -7?
4a
In base 12, what is -3 + 102?
bb
In base 7, what is 16 - 65?
-46
In base 12, what is -34 - 10a?
-142
In base 9, what is 8 - -17?
26
In base 11, what is 4 - 25?
-21
In base 11, what is -1a - 0?
-1a
In base 3, what is 112212 + -111?
112101
In base 9, what is 5 + 1462?
1467
In base 4, what is -1 - -12030?
12023
In base 4, what is -10 + -1120?
-1130
In base 11, what is 0 - -17?
17
In base 3, what is 10 - -1012?
1022
In base 14, what is -61b - 1?
-61c
In base 7, what is 632 - -2?
634
In base 11, what is -201 + 0?
-201
In base 14, what is 0 + -257?
-257
In base 2, what is 110 + -110000011?
-101111101
In base 12, what is -15 - -17?
2
In base 9, what is 5 + 5303?
5308
In base 2, what is 110110000 - -1?
110110001
In base 9, what is 72 - -1?
73
In base 16, what is 11 - -15?
26
In base 11, what is -14 + 7?
-8
In base 15, what is -96 + 5?
-91
In base 8, what is 2541 + 0?
2541
In base 12, what is 11 - 3?
a
In base 4, what is -11 + -12211?
-12222
In base 11, what is 15 - -143?
158
In base 7, what is -44 + -30?
-104
In base 6, what is 12 + 33?
45
In base 2, what is -1000 + 110?
-10
In base 11, what is 4 + -183?
-17a
In base 8, what is 1 - -34?
35
In base 14, what is 4db - -2?
4dd
In base 10, what is -4 - 170?
-174
In base 5, what is 0 + 224133?
224133
In base 9, what is 11 + -144?
-133
In base 15, what is 9 - -297?
2a1
In base 13, what is 1a52 + -3?
1a4c
In base 9, what is 1172 - 2?
1170
In base 12, wha